. Let z be s(-9). Suppose 291*l - z = 278*l. Calculate the remainder when l is divided by 12.
11
What is the remainder when 0 + 4 - 430/(-5) is divided by (-4 + 3 - 2)/(3/(-31))?
28
Let o = -89 - -96. Let u(g) = 90*g**2 + 5*g + 5. Let q be u(o). What is the remainder when q/26 - 28/182 is divided by 44?
39
Let b = 437 - 742. Let c = 345 + b. What is the remainder when 83 is divided by c?
3
Suppose -2*k - 1126 = -2*c, 18*c + k = 20*c - 1122. Calculate the remainder when c is divided by 26.
13
Suppose -m - 764 = -4*b, 940 = 5*b - 7*m + 2*m. What is the remainder when b is divided by 114?
78
Let b(s) be the first derivative of 16/3*s**3 - 15*s + s**2 + 3 - 1/4*s**4. Calculate the remainder when 65 is divided by b(16).
14
Suppose 0 = -3*j + 27, 2*d - 7*j = -3*j - 8. Calculate the remainder when 18604 is divided by d.
12
What is the remainder when 1119*6*2/36 is divided by 117?
22
Let m = -48 - -55. Suppose 3*v - m = 5. Suppose 0*c = w + 2*c - 107, 4*c + 452 = v*w. Calculate the remainder when w is divided by 16.
15
Let n(u) = -3*u**2 - 55*u - 44. Suppose 4*z = -2*b + 2170, 5*b + 519 + 548 = 2*z. Calculate the remainder when z is divided by n(-16).
65
Let m be 541 - (7/7 + -2). Suppose 4*t = m + 282. What is the remainder when t is divided by 13?
11
Suppose 134 = 3*d + 5*x, 6 = 4*x + 2. Let v = -754 - -1397. What is the remainder when v is divided by d?
41
Let i = -633 - -653. Suppose -4*s + o = -5*s + 41, -5*s + 165 = -5*o. What is the remainder when s is divided by i?
17
Suppose -17*a + 1383 - 1281 = 0. Calculate the remainder when 776 is divided by a.
2
Suppose -f + 17 = 4*t, -5 + 36 = 3*f + 2*t. Let h be f*4*(-1)/(-12). Suppose -1 = v, 2*z + h*v = v + 70. What is the remainder when 141 is divided by z?
33
Let b = -3 + 4. Suppose 0 = -16*k + 4*k. Suppose k = -2*n - p + 4, 4*n + p - 8 = 2. What is the remainder when n is divided by b?
0
Suppose -48*r + 63407 - 13279 = -22*r. Calculate the remainder when r is divided by 6.
2
Let b = 734 - 597. Suppose -7 - 74 = r - u, -5*u - 365 = 5*r. Let j = b + r. What is the remainder when j is divided by 21?
18
Calculate the remainder when 3623 is divided by (31/(-2))/(7/(-10 + -4)).
27
Let q = -11758 - -16880. What is the remainder when q is divided by 42?
40
Let m be (-456)/(-190) - (-4)/(-10). Calculate the remainder when 91 is divided by 1300/40 + (-3)/m.
29
Suppose 3*m - 97*w - 210 = -100*w, 4*m = 5*w + 253. What is the remainder when 2948 is divided by m?
0
Suppose -f - 1953 = -11*i + 7*i, 3*i = -4*f + 1479. What is the remainder when i is divided by 485?
4
Let r(o) = -114 - 8*o + 4*o - 6*o + 62. What is the remainder when 28 - -1*(2 + -1) is divided by r(-6)?
5
Suppose 2*y - 8 = 2*u, -u = -4 + 5. Suppose 2*b + 2 = -y*p + 13, 4*p - 12 = 0. Calculate the remainder when 23 is divided by 219/18 - 2/(12/b).
11
What is the remainder when 1/(4/20)*(37664/55)/16 is divided by 100?
14
Suppose 0 = -2*l + 175 + 51. Let z = -1615 + 1622. Calculate the remainder when l is divided by z.
1
Suppose 23*o = 99 - 7. What is the remainder when o + (178 + -4 - -1) is divided by 6?
5
Let r = -483 + 489. Suppose -4*c = 3*d + 2, -r*d + 5*d - 5*c = 8. Calculate the remainder when 20 is divided by d.
0
Let t = -1270 + 1429. What is the remainder when t is divided by 151?
8
Suppose i - 73 = 26*s - 24*s, 3*i = -5*s + 175. Calculate the remainder when 164 is divided by i.
34
Suppose 4*i + 3*l - 20 = 8*l, -3*l - 12 = -4*i. Suppose 2*m - y = 63 + 12, i = 5*y - 25. What is the remainder when m is divided by 7?
5
Let q be 1/(-3)*(-2580)/43. Suppose 0 = -q*i + 17*i + 90. What is the remainder when 52 is divided by i?
22
Let f(w) = 2*w**2 + 14*w - 3. Let i be f(5). Suppose -4*j = -b - 551, -32 = -j - 2*b + i. What is the remainder when j is divided by 25?
14
Let i be (-1086)/2*(200/(-30) - -6). Suppose 3*u - 1067 = 4*g, 675 = 3*u + 2*g - i. What is the remainder when u is divided by 35?
34
Suppose 0*g = g + 5*y - 2, -4*g = 5*y - 53. Suppose 0 = -13*j + 236 + 167. Suppose 0 = -12*v + j*v - 1159. What is the remainder when v is divided by g?
10
Suppose -2*r - 6 = 0, -16*c = -13*c + 2*r - 12. Suppose -6*n + n + 50 = 0. Let i(f) = -f**2 + 11*f + 7. Calculate the remainder when i(n) is divided by c.
5
Suppose -428*p = 3*a - 427*p - 17385, 23169 = 4*a + 5*p. What is the remainder when a is divided by 187?
186
Let z(b) = 19*b**2 - 10*b - 105. What is the remainder when z(-7) is divided by 31?
28
Let t(j) = -35*j - 109. Let c be t(-5). Suppose -24*p + 30*p - c = 0. Calculate the remainder when 19 is divided by p.
8
Let n = 2142 + -1991. What is the remainder when n is divided by 0 - (-50 + -3 + 1)?
47
Let l(f) = -f**3 + 8*f**2 - 9*f + 19. Let j(d) = -2*d**2 + 38*d + 45. Let b be j(20). What is the remainder when 146 is divided by l(b)?
48
Let r = -54 + 97. Calculate the remainder when (-2021 + 284)*(-4)/18 is divided by r.
42
Let w(m) = 2*m**2 + 15*m + 42. Let t be w(-12). Calculate the remainder when t/525 + 1531/7 is divided by 28.
23
Suppose -4*j = 67 - 451. Suppose -2279*h = -2285*h + j. Calculate the remainder when 701 is divided by h.
13
Let y = 296 + 100. Suppose -y = -16*n + 10*n. Calculate the remainder when n is divided by 25.
16
Suppose 256 = 4*s + i, -s = 2*i - 7 - 57. Let x be 85*(0/(-3) + 1). Let k = x - s. Calculate the remainder when 29 is divided by k.
8
Let x be (-5 - (3 - -50)) + -2. Let u = x + 95. Suppose -204 = -u*f + 33*f. What is the remainder when f is divided by 13?
11
Let a(v) = 12*v**2 - 3*v + 12. Let z be a(3). Let c = z + -84. Calculate the remainder when c is divided by 7.
6
Suppose 2124 = 28*m - 1600. Calculate the remainder when 523 is divided by m.
124
Let y be 4/28 - (-68)/14. What is the remainder when 124 is divided by 1/(4/36) + y?
12
Suppose -2*n + 32 = -4*d, -2*n + 7*n - d - 89 = 0. Let s = -109 + 116. Suppose 10*k + s = 27. Calculate the remainder when n is divided by k.
0
What is the remainder when 861 is divided by 2 + 49/(-294) + 253/6?
25
Suppose 226*y + 48580 = 366*y. What is the remainder when y is divided by 112?
11
Suppose 3*v + g = -v + 21, -4*v + 2*g = -30. Suppose -9*o = -v - 66. Calculate the remainder when 79 is divided by o.
7
Suppose 2*q - 21954 = -3*w - w, 0 = w - 3. Calculate the remainder when q is divided by 177.
174
Suppose -3*g = 4*m - 37, 3*g + 4*m = 2*m + 35. Suppose 4*r - 60 = -3*n - n, -80 = -3*n + 4*r. What is the remainder when n is divided by g?
9
Calculate the remainder when 1942 is divided by (-28 - (-207)/(-36))*24/(-5).
160
Suppose -8*l - 44 + 124 = 0. Let r(d) = -13*d + 144. Calculate the remainder when 96 is divided by r(l).
12
Suppose 11*f - 7*f + 12 = 0, -4*f = -g + 83. Suppose 10*t - 7*t + 2*i - g = 0, -2*i = -t + 21. Calculate the remainder when t is divided by 12.
11
Let m = -91 + 251. Let p = m + -141. Calculate the remainder when 23 is divided by p.
4
Suppose -1085*y = -1086*y - 3*v + 217, -2*y - v = -409. What is the remainder when y is divided by 63?
13
Let n(b) = 7*b - 113. Let o be n(17). Suppose 36 = o*f - 18. What is the remainder when 899 is divided by f?
8
Suppose -2 = 4*b - 62. Let k(t) be the second derivative of -t**4/12 + t**3/6 + 3*t**2/2 - 10*t. Calculate the remainder when b is divided by k(0).
0
Calculate the remainder when 1/(11/(-14652)*-12) is divided by 92.
19
Suppose 2*s + 2*f + 56 = -2*f, -39 = 3*s - 3*f. Suppose 14*n - 714 = -20*n. Let y = n + s. What is the remainder when 5 is divided by y?
2
Calculate the remainder when ((-503)/(-1006))/(2/4904) is divided by 9.
2
Let u(q) = 201*q - 10977. Calculate the remainder when u(56) is divided by 14.
13
Suppose -2960 = -4*y - 4*q, 2*y - q = q + 1484. What is the remainder when y is divided by 244?
9
Suppose 10*z - 488 = 52. Let i = z - -138. Calculate the remainder when 18/4*i/9 is divided by 33.
30
Let w = -1167 + 4761. What is the remainder when w is divided by 18?
12
Let x(c) = c**2 + 79*c + 2999. What is the remainder when x(-79) is divided by 15?
14
Let j(c) = -632*c + 2383. What is the remainder when j(-5) is divided by 47?
44
Let t = -22 + 24. Let k be (-3)/((-12)/(-172)) + (2 - t). Let i = k - -46. Calculate the remainder when 10 is divided by i.
1
Let b(u) = 8*u**2 - 23*u + 50. Calculate the remainder when b(5) is divided by 43.
6
Suppose -2*b + 5*a - 19 = 0, 0 + 7 = 4*b - a. Suppose 